n a is divided by 37?
30
Let b(x) be the first derivative of 2*x**3/3 - 3*x**2 + 5*x + 7. Let s(c) = -c**2 - 6*c - 3. Let n be s(-2). Calculate the remainder when b(n) is divided by 7.
4
Let d(h) = 6*h - 8. Suppose 0 = -5*x - j - 7 + 24, 4 = 2*j. What is the remainder when 19 is divided by d(x)?
9
Let x(o) = 2*o**2 - 4*o - 21. Let p be x(-3). What is the remainder when (633/p + -3)*(-6)/(-4) is divided by 34?
33
Let x(n) = -3*n - 2 - 2 - 5 - 2*n. Let s = -10 - -16. What is the remainder when x(-6) is divided by s?
3
Let m = 951 - 934. Let i(t) = -t**2 - 8*t. What is the remainder when m is divided by i(-5)?
2
Let x(q) = q**2 + 13*q + 38. Let h be x(-7). Suppose 5*f + w = -2*w + 38, 3*f = -4*w + 14. Calculate the remainder when ((210/h)/(-7))/(3/6) is divided by f.
5
Suppose -15 = -r + 27. Let q(o) = o**3 + 7*o**2 - 8*o - 18. Let n be q(-8). Let k = n + 33. Calculate the remainder when r is divided by k.
12
Suppose -66*f = 17 - 946 - 1777. Let k(y) = -5*y - 3. Calculate the remainder when f is divided by k(-3).
5
Let b(k) = 319*k - 8. Calculate the remainder when b(1) is divided by 12.
11
Suppose -j = 4, 2*s - 22 = s + 4*j. What is the remainder when (-3 - (-72)/s)*7/3 is divided by 7?
0
Let j(c) = c**3 + 13*c**2 - c - 12. Let r be j(-13). Let u = r - -38. Calculate the remainder when 77 is divided by u.
38
Suppose -1 = 2*y - 3*b + 2, -2*b - 6 = 0. Let w be y/12*-1*4. Suppose -3*c = -4*z - 22, -2*z = 2*c + w*c - 22. Calculate the remainder when c is divided by 2.
0
Suppose -x - 30 = -5*k - 4*x, -x = -5. Suppose m - 22 = -2*w + 30, 0 = k*m + 3*w - 150. What is the remainder when m is divided by 10?
8
Let h(a) = 16*a - 2. Let p be h(4). Suppose -4*l = w - l - 54, -5*l - p = -w. What is the remainder when w is divided by 15?
12
Suppose -16*n = -20*n + 40. Let m be ((-12)/(-4) + n)*-1. Let i = m - -16. What is the remainder when 5 is divided by i?
2
Suppose 0 = 5*g + 2*h - 18, -4*g - 5*h + 0*h + 28 = 0. Let n(d) = -3*d - 1. Let m be n(g). Let t = 14 + m. What is the remainder when 13 is divided by t?
6
Let d = -95 - -116. Calculate the remainder when d is divided by 4.
1
Suppose -3*m + 449 = y, 0*y + 2177 = 5*y - 2*m. What is the remainder when y is divided by 21?
17
Let m(j) = j**3 - 5*j**2 - 9*j + 4. Let x be m(7). Let o = x - -13. What is the remainder when o is divided by 11?
8
Suppose 5*c = -3*k + 2*k + 377, -2*k = -5*c + 371. Calculate the remainder when c is divided by 11.
9
Let i(t) = t**3 + 8*t**2 - 20*t - 65. Calculate the remainder when i(-9) is divided by (-639)/(-36) - (-1)/4.
16
Suppose 0 = 5*y - 5*k - 100, 3*k = -5*y + 109 - 9. Let a be (-156)/7 - 12/(-42). Let b = a - -29. What is the remainder when y is divided by b?
6
Let n = -6 - -9. Suppose -326 = -4*j + c - n*c, -c = -5*j + 404. Let d = -36 + j. What is the remainder when d is divided by 24?
21
Suppose 0 = 5*t + 4*s + 32, 0*t - 4*t + s - 13 = 0. Let i(h) = 6*h**2 + 4*h + 7. Calculate the remainder when i(t) is divided by 22.
21
Let v = 0 + 2. Let l be 4354/30 + (-3 - 43/(-15)). Let j = l + -144. What is the remainder when v is divided by j?
0
Suppose 1 = n - 8*x + 4*x, 4*n + 3*x - 23 = 0. Suppose -n*i + 72 + 3 = 4*d, 2*d = 4*i + 18. Calculate the remainder when 26 is divided by d.
11
Let b = -13 - -10. Let d(q) = q**3 + 8*q**2 - 2*q - 3. Calculate the remainder when (49 - -3) + 9/b is divided by d(-8).
10
Let w be (-11)/55 + (-396)/(-5). Suppose -172 + 18 = 3*i + 2*d, -4*d = 4*i + 200. Let k = w + i. Calculate the remainder when 74 is divided by k.
24
Let f(d) = 3*d**3 - 3*d**2 + 5*d + 1. Let n(p) = -p**3 - p**2 - p + 1. Let m(w) = f(w) + 4*n(w). Calculate the remainder when m(-8) is divided by 21.
19
Let z = 13 - 4. Suppose -14*l = -97 - 1. What is the remainder when z is divided by l?
2
Suppose -2*r = 3*i - 21, -5*r - 1 = i - 8. Let p(a) = 22*a - 12. Calculate the remainder when p(1) is divided by i.
3
Let m = 448 + -424. Calculate the remainder when 86 is divided by m.
14
Let d = 33 - -14. Let v be 0 + (0 - 0) + 2. What is the remainder when d + v/2*-2 is divided by 12?
9
What is the remainder when ((-221188)/(-363))/((-2)/(-3)) is divided by 51?
47
Let z be (-108)/(-7)*(-154)/(-33). Suppose 78 = 5*x + j, -2*j = -5*x - j + z. Calculate the remainder when 43 is divided by x.
13
Suppose -m = 18 - 49. What is the remainder when 429 is divided by m?
26
Let w(k) = -k**3 - 6*k**2 + 5. Let h be w(-6). Suppose -h*g = -4*r - 104, -5*g + 2*r + 112 = -0*r. Calculate the remainder when 45 is divided by g.
21
Let w(r) = -r**2 + 15*r + 19. Let i be w(16). Suppose -2*h + i*h + 3*q - 64 = 0, -2*h = 3*q - 125. What is the remainder when h is divided by 22?
17
Suppose 4*q - 31 = 25. Calculate the remainder when 181 is divided by q.
13
Suppose 0 + 30 = 6*j. Suppose 4 = 4*r, -2*l + 20 = j*r - 19. What is the remainder when 45 is divided by l?
11
Let y(r) = r**3 + r**2 - r + 87. Let q be (-10)/(-30) - (-121)/(-3). What is the remainder when y(0) is divided by (-88)/(-3) - (q/(-12))/(-5)?
27
Suppose -30 = -z + 9. Calculate the remainder when z is divided by 12.
3
Suppose -t = -16*t + 660. What is the remainder when t is divided by 25?
19
Let z = -520 + 561. What is the remainder when z is divided by 14?
13
Suppose 0 = 3*q - 11*q + 360. Calculate the remainder when 269 is divided by q.
44
Let u be (-19)/(-2) - 51/34. What is the remainder when 4*(20/u + 4) is divided by 9?
8
Let i(w) = 14*w + 8. Let n be i(2). Suppose 4*t = q - n, 5*q - 80 - 81 = t. What is the remainder when 94 is divided by q?
30
Suppose 2*o + 63 = -3. Suppose 120 = -3*f - 3*f. Let k = f - o. What is the remainder when 25 is divided by k?
12
What is the remainder when 103 is divided by ((-203)/(-116))/(1/12)?
19
Suppose r = -3*r + 16. Suppose 0 = -2*i + 3*v + 81, 5*i = -0*v - r*v + 145. Calculate the remainder when i is divided by 17.
16
Suppose 232 = -3*o - o. Let a = -33 - o. What is the remainder when a is divided by ((-4)/(-3))/(2/21)?
11
Suppose 36*j - 31*j = 10. Calculate the remainder when 65 is divided by (4/j)/(-2 + (-108)/(-51)).
14
Let y(l) = -3*l - 119. Let u(d) = 21*d**3 - d**2 - d + 1. What is the remainder when y(-66) is divided by u(1)?
19
Suppose -160*t - 192 = -166*t. Calculate the remainder when t is divided by 7.
4
Let c(s) = s**3 + s**2 - 47*s + 53. Calculate the remainder when c(0) is divided by 23.
7
Let u be 2 - (3 - (3 + 2)). Suppose 0 = -u*f + 6*f - 4. Suppose w = 10 + f. What is the remainder when 21 is divided by w?
9
Let k(c) = 10*c**2 + 4*c - 10. Let h(o) = 21*o**2 + 8*o - 19. Let s(l) = 4*h(l) - 7*k(l). Let t = -52 - -54. What is the remainder when s(t) is divided by 12?
10
Suppose -2*v + v = -l + 125, 137 = l + 2*v. Calculate the remainder when l is divided by 43.
0
Let g(u) = u**3 + 13*u**2 + 23*u + 41. What is the remainder when g(-9) is divided by 41?
35
Suppose -2*m = 628 - 654. Calculate the remainder when 39 is divided by m.
0
Let v(k) = 4*k**2 - 2*k - 24. Let l(a) = -3*a**2 + 2*a + 23. Let w(o) = -3*l(o) - 2*v(o). Calculate the remainder when w(13) is divided by 25.
22
Suppose 11*a - 131 = -3*z + 12*a, z + a = 41. Calculate the remainder when 386 is divided by z.
42
Let g be 50/(((-12)/8 - -2)*-2). Let a = -31 - g. Calculate the remainder when 51 is divided by a.
13
Suppose -5*u + 4*y + 2386 = 0, -4*u + 3*y + 1910 = y. What is the remainder when u is divided by 13?
10
Let f(p) = -4*p - 10. Let z = 17 + -21. What is the remainder when f(z) is divided by 4?
2
Let o = -1595 - -1674. What is the remainder when o is divided by 13?
1
Calculate the remainder when 6 - 2 - (-6 + -3 - 10) is divided by 6.
5
Suppose 0 = -2*g - 16 - 48. What is the remainder when 68 is divided by (-712)/g - (-3)/4?
22
Suppose -9*p - k = -5*p - 525, -2*p + 255 = 3*k. Calculate the remainder when p is divided by 7.
6
Let b = 4 - 2. Suppose b - 5 = -o. Let w(n) = -n**2 - 3*n + 3. What is the remainder when o is divided by w(-3)?
0
Let g = -19 - -19. Suppose -2*w + 5*w - 15 = g. Let v(p) = 2*p**2 + 9*p + 14. Calculate the remainder when v(-5) is divided by w.
4
Let n be (-2)/(-10) - (-84)/30. Suppose 4*p + 57 + 101 = 5*q, -4*p = n*q - 114. Calculate the remainder when q is divided by 12.
10
Suppose 3*b + 117 = -4*x - 0*x, -b + x - 39 = 0. Let d = -36 - b. Calculate the remainder when 13 is divided by d.
1
Suppose 8*u 